{"id":91,"date":"2026-01-14T08:08:01","date_gmt":"2026-01-14T08:08:01","guid":{"rendered":"https:\/\/adosdarbres.org\/?page_id=91"},"modified":"2026-01-14T08:08:01","modified_gmt":"2026-01-14T08:08:01","slug":"la-salamandre-asbl","status":"publish","type":"page","link":"https:\/\/adosdarbres.org\/index.php\/la-salamandre-asbl\/","title":{"rendered":"La Salamandre ASBL"},"content":{"rendered":"\n<p>L\u2019association <strong>La Salamandre<\/strong> a pour but la promotion de l\u2019art et des projets socio-culturels et \u00e9ducatifs.\u00a0\u00a0<\/p>\n\n\n\n<p><strong>L\u2019association d\u00e9veloppe l\u2019activit\u00e9 \u00ab Ados d\u2019Arbres \u00bb qui a pour but de proposer aux jeunes en mal-\u00eatre des ateliers artistiques ouvrant sur l\u2019initiation \u00e0 l\u2019art, selon le mode de la communication non violente. Les activit\u00e9s &#8220;Ados d\u2019Arbres&#8221; de l&#8217;ASBL LA SALAMANDRE s\u2019inscrivent ainsi dans la pr\u00e9vention et le soutien des jeunes victimes de harc\u00e8lement et d\u2019abus sexuels par la mise en lien avec des associations et institutions sp\u00e9cialis\u00e9es.<\/strong><\/p>\n\n\n\n<figure class=\"wp-block-image alignleft size-large is-resized\"><img loading=\"lazy\" decoding=\"async\" width=\"1024\" height=\"1024\" src=\"http:\/\/adosdarbres.org\/wp-content\/uploads\/2026\/01\/logoSalamandre_HR-1024x1024.png\" alt=\"\" class=\"wp-image-52\" style=\"width:426px;height:auto\" srcset=\"https:\/\/adosdarbres.org\/wp-content\/uploads\/2026\/01\/logoSalamandre_HR-1024x1024.png 1024w, https:\/\/adosdarbres.org\/wp-content\/uploads\/2026\/01\/logoSalamandre_HR-300x300.png 300w, https:\/\/adosdarbres.org\/wp-content\/uploads\/2026\/01\/logoSalamandre_HR-150x150.png 150w, https:\/\/adosdarbres.org\/wp-content\/uploads\/2026\/01\/logoSalamandre_HR-768x768.png 768w, https:\/\/adosdarbres.org\/wp-content\/uploads\/2026\/01\/logoSalamandre_HR-1536x1536.png 1536w, https:\/\/adosdarbres.org\/wp-content\/uploads\/2026\/01\/logoSalamandre_HR-2048x2048.png 2048w\" sizes=\"auto, (max-width: 1024px) 100vw, 1024px\" \/><\/figure>\n\n\n\n<p><strong>L&#8217;asbl LA SALAMANDRE r\u00e9alise aussi des \u00e9v\u00e9nements &#8220;ADOS D\u2019ARBRES&#8221; qui informent les familles et les jeunes sur ce qu&#8217;il existe en FWB pour encadrer les jeunes en mal-\u00eatre.<\/strong><\/p>\n\n\n\n<p>Les projets socio-culturels sont r\u00e9alis\u00e9s par l\u2019initiation, la cr\u00e9ation, la r\u00e9alisation et la promotion d\u2019\u0153uvres artistiques pluridisciplinaires, qu\u2019elles soient th\u00e9\u00e2trales, chor\u00e9graphiques, musicales, plastiques, cin\u00e9matographiques ou litt\u00e9raires dans l\u2019objectif de cr\u00e9er des liens entre les citoyens de tout \u00e2ge.<\/p>\n\n\n\n<p>L\u2019association veut \u00e9galement apporter la musique classique en diff\u00e9rents lieux dont certains improbables voire difficiles (r\u00e9sidences de s\u00e9niors, maisons d\u2019accueil pour jeunes, h\u00f4pitaux, prisons, check points, \u2026).<\/p>\n\n\n\n<p>L\u2019association a aussi pour objet de d\u00e9velopper des \u00e9v\u00e8nements dont des op\u00e9ras de quartiers, des spectacles interg\u00e9n\u00e9rationnels, permettant l\u2019initiation de tous les publics \u00e0 diff\u00e9rentes formes artistiques.<\/p>\n\n\n\n<p>Cr\u00e9\u00e9e en juin 2000 l\u2019ASBL La Salamandre est reconnue, depuis 2012, parmi les associations philanthropiques Be.Cause de la Fondation Roi Baudouin.<em>Diana Gonnissen-Oro<\/em><em>soprano et com\u00e9dienne<\/em><\/p>\n\n\n\n<p><em>La Salamandre ASBL<\/em><\/p>\n\n\n\n<p><em><a href=\"http:\/\/www.lasalamandreproductions.be\/\" rel=\"noreferrer noopener\" target=\"_blank\">http:\/\/www.lasalamandreproductions.be<\/a><\/em><\/p>\n\n\n\n<p><em>+ 32 478 517 454<\/em><\/p>\n\n\n\n<p><strong>L&#8217;ASBL La Salamandre a pour objet la cr\u00e9ation de projets socio-culturels et figure parmi les associations philanthropiques &#8220;Bonnes Causes&#8221; de la Fondation Roi Baudouin. Si vous souhaitez soutenir l&#8217;activit\u00e9\u00a0<em>&#8220;Ados d&#8217;Arbres&#8221;\u00a0<\/em>&#8211; Soutien des jeunes en mal-\u00eatre par des ateliers d&#8217;initiation \u00e0 l&#8217;art et des \u00e9v\u00e9nements ponctuels pour informer les familles sur ce qui existe en FWB :\u00a0<\/strong><br><strong>Fondation Roi Baudouin\/\u00a0Compte de m\u00e9c\u00e9nat culturel\u00a0: La Salamandre ASBL\u00a0<\/strong><\/p>\n\n\n\n<p><strong>BE10 0000 0000 0404<\/strong><\/p>\n\n\n\n<p><strong>BIC&nbsp;: BPOTBEB1<\/strong><\/p>\n\n\n\n<p><strong><u>Avec mention 623\/3764\/60042<\/u><\/strong><\/p>\n","protected":false},"excerpt":{"rendered":"<p>L\u2019association La Salamandre a pour but la promotion de l\u2019art et des projets socio-culturels et \u00e9ducatifs.\u00a0\u00a0 L\u2019association d\u00e9veloppe l\u2019activit\u00e9 \u00ab Ados d\u2019Arbres \u00bb qui a pour but de proposer aux jeunes en mal-\u00eatre des ateliers artistiques ouvrant sur l\u2019initiation \u00e0 l\u2019art, selon le mode de la communication non violente. Les activit\u00e9s &#8220;Ados d\u2019Arbres&#8221; de l&#8217;ASBL [&hellip;]<\/p>\n","protected":false},"author":1,"featured_media":0,"parent":0,"menu_order":0,"comment_status":"closed","ping_status":"closed","template":"","meta":{"footnotes":""},"class_list":["post-91","page","type-page","status-publish","hentry"],"_links":{"self":[{"href":"https:\/\/adosdarbres.org\/index.php\/wp-json\/wp\/v2\/pages\/91","targetHints":{"allow":["GET"]}}],"collection":[{"href":"https:\/\/adosdarbres.org\/index.php\/wp-json\/wp\/v2\/pages"}],"about":[{"href":"https:\/\/adosdarbres.org\/index.php\/wp-json\/wp\/v2\/types\/page"}],"author":[{"embeddable":true,"href":"https:\/\/adosdarbres.org\/index.php\/wp-json\/wp\/v2\/users\/1"}],"replies":[{"embeddable":true,"href":"https:\/\/adosdarbres.org\/index.php\/wp-json\/wp\/v2\/comments?post=91"}],"version-history":[{"count":1,"href":"https:\/\/adosdarbres.org\/index.php\/wp-json\/wp\/v2\/pages\/91\/revisions"}],"predecessor-version":[{"id":92,"href":"https:\/\/adosdarbres.org\/index.php\/wp-json\/wp\/v2\/pages\/91\/revisions\/92"}],"wp:attachment":[{"href":"https:\/\/adosdarbres.org\/index.php\/wp-json\/wp\/v2\/media?parent=91"}],"curies":[{"name":"wp","href":"https:\/\/api.w.org\/{rel}","templated":true}]}}